 7236246481 a prime number?
True
Is 37506097103 composite?
False
Is 143641413319 a composite number?
True
Is 47926709479 a prime number?
False
Is 51533879 a prime number?
True
Is 1843037611 a prime number?
True
Is 1893875471 prime?
True
Is 14057783 a composite number?
False
Is 45147970839 prime?
False
Is 824723047 a prime number?
True
Is 15271530891 prime?
False
Is 6762875569 a composite number?
False
Is 210965851 a prime number?
True
Is 575777989 a prime number?
True
Is 2236445045 composite?
True
Is 179115577 a prime number?
False
Is 1981107587 a composite number?
True
Is 61260499621 prime?
True
Is 4102803557 prime?
True
Is 487311631 a composite number?
False
Is 61650460279 a composite number?
False
Is 24636287191 a composite number?
True
Is 5031956539 a composite number?
True
Is 2754156823 a composite number?
True
Is 233917961 prime?
True
Is 2486768959 composite?
True
Is 23684960335 composite?
True
Is 18877128731 a composite number?
True
Is 5761662241 a prime number?
False
Is 102788471 a prime number?
True
Is 1142526067 a prime number?
False
Is 41721887 a composite number?
True
Is 2034374171 a prime number?
True
Is 8840157073 composite?
True
Is 1247358593 a prime number?
False
Is 3057532109 a prime number?
False
Is 4434933235 a composite number?
True
Is 9623546537 prime?
False
Is 70969111 a composite number?
False
Is 88902790378 a prime number?
False
Is 964570547 prime?
True
Is 2749880695 composite?
True
Is 36288650191 composite?
True
Is 1264205771 prime?
True
Is 176049409 a prime number?
False
Is 1370247167 prime?
True
Is 644191963 composite?
True
Is 1161373123 a prime number?
True
Is 3384140707 composite?
False
Is 12805424153 prime?
False
Is 118333819405 a composite number?
True
Is 12731460851 composite?
False
Is 73038812281 a prime number?
True
Is 2185848779 a composite number?
False
Is 350920489 a composite number?
True
Is 7603136803 composite?
False
Is 376676437 prime?
True
Is 146859269591 composite?
True
Is 15251078317 a prime number?
True
Is 34155263423 a composite number?
True
Is 15339711197 prime?
True
Is 4012781867 prime?
False
Is 5978230067 a composite number?
False
Is 2732965141 prime?
True
Is 17026831531 prime?
False
Is 444379471 prime?
False
Is 288443373 a prime number?
False
Is 55769897 a prime number?
True
Is 236490193 a prime number?
True
Is 18322252787 a prime number?
True
Is 11483270297 prime?
True
Is 92811157763 a composite number?
True
Is 153048677 composite?
True
Is 11810155661 prime?
True
Is 2158631999 composite?
False
Is 198465199 a composite number?
False
Is 17104283561 prime?
True
Is 6293291551 a composite number?
False
Is 2505358853 a prime number?
True
Is 23159662397 prime?
True
Is 72626405 a composite number?
True
Is 5617826839 a prime number?
False
Is 13661055049 prime?
True
Is 2659503097 prime?
True
Is 46315635451 a prime number?
False
Is 58958582105 a prime number?
False
Is 20529153031 prime?
True
Is 146761962023 prime?
True
Is 47262865133 prime?
False
Is 41916825409 a prime number?
False
Is 7169030017 a prime number?
True
Is 491399917 composite?
False
Is 360099669 a composite number?
True
Is 3682092599 a prime number?
False
Is 2276263697 composite?
False
Is 13078628041 a prime number?
True
Is 4489610471 a prime number?
True
Is 5455353073 composite?
False
Is 7719511961 prime?
False
Is 1371228511 composite?
False
Is 692188433 a prime number?
True
Is 268715933 prime?
True
Is 807838693 prime?
False
Is 79911827 composite?
True
Is 5551909907 prime?
True
Is 807536701 a prime number?
False
Is 1777110241 a prime number?
True
Is 7591813309 a prime number?
True
Is 3427026919 a prime number?
False
Is 27335817011 a prime number?
True
Is 52665827 a prime number?
False
Is 561484405 a prime number?
False
Is 10659293 a prime number?
False
Is 194366911 a prime number?
True
Is 5223393183 a composite number?
True
Is 1125983531 a composite number?
False
Is 4967685887 a composite number?
True
Is 11235969123 a composite number?
True
Is 25620251911 a prime number?
False
Is 2985171857 composite?
True
Is 4474143319 a composite number?
True
Is 1167459449 a prime number?
False
Is 71492780159 a composite number?
True
Is 2102201861 a composite number?
True
Is 766151093 composite?
True
Is 1182382595 a prime number?
False
Is 55617836821 composite?
True
Is 504917603 a composite number?
False
Is 560842201 composite?
False
Is 230972527 prime?
True
Is 7857869891 a prime number?
False
Is 1534527935 composite?
True
Is 342847787 a composite number?
False
Is 40169797 prime?
True
Is 417231301 composite?
False
Is 9999290729 prime?
False
Is 26323380341 a composite number?
False
Is 1136737409 composite?
True
Is 101004564893 composite?
True
Is 341954551 a composite number?
True
Is 94857126031 a prime number?
False
Is 60471140399 a composite number?
False
Is 3884610061 a prime number?
False
Is 980252927 prime?
True
Is 560311223 a prime number?
True
Is 75805031711 a prime number?
True
Is 3216330827 a composite number?
True
Is 19768930159 prime?
False
Is 94026997487 composite?
False
Is 7328287601 composite?
False
Is 8739763763 prime?
True
Is 2020677601 a prime number?
True
Is 710378807 a composite number?
True
Is 961122763 a prime number?
False
Is 159696671 prime?
False
Is 161890849513 prime?
False
Is 619114333 a prime number?
True
Is 2004138911 composite?
False
Is 95059679477 a composite number?
True
Is 5233764901 prime?
True
Is 39074570167 composite?
False
Is 3107095561 a composite number?
True
Is 51941275561 a composite number?
True
Is 1520832351 prime?
False
Is 119067456353 a prime number?
False
Is 31632105677 a composite number?
False
Is 406772059 a composite number?
True
Is 12034606231 composite?
False
Is 6071731153 composite?
True
Is 11435069813 composite?
True
Is 1666064083 a composite number?
True
Is 2293577557 prime?
False
Is 14878145743 a prime number?
False
Is 1436332165 prime?
False
Is 36668174 prime?
False
Is 10307938999 composite?
True
Is 998686401 a prime number?
False
Is 17324385913 composite?
False
Is 2514923333 composite?
True
Is 546397781 prime?
False
Is 514723571 a composite number?
False
Is 321056259 prime?
False
Is 171527720107 a prime number?
True
Is 470153407 prime?
False
Is 5062431967 a composite number?
True
Is 2094921821 a prime number?
True
Is 7352878417 a composite number?
False
Is 85403332367 a composite number?
True
Is 87106048411 a prime number?
True
Is 47199863 prime?
True
Is 6923907217 composite?
False
Is 1109466661 a composite number?
True
Is 3461608817 composite?
False
Is 5544427235 composite?
True
Is 1438196367 composite?
True
Is 520642883 prime?
False
Is 1098031201 prime?
False
Is 353563079951 a composite number?
True
Is 2423159093 composite?
False
Is 32693703641 a composite number?
False
Is 68611020739 composite?
False
Is 899729257 composite?
True
Is 11301722301 a composite number?
True
Is 1140572821 composite?
False
Is 3304695073 composite?
False
Is 5645916631 composite?
True
Is 1464258451 prime?
True
Is 144893899 a composite number?
False
Is 498458063 prime?
False
Is 14184151001 composite?
True
Is 6447178831 composite?
False
Is 2367703567 prime?
False
Is 10769906843 a prime number?
True
Is 20730060443 prime?
False
Is 11576783909 a composite number?
True
Is 51314717 a composite number?
True
Is 921285479 composite?
False
Is 2351967841 a composite number?
False
Is 1224585202 composite?
True
Is 1869427387 composite?
False
Is 4491625231 prime?
False
Is 2342697041 prime?
True
Is 4537111927 a composite number?
True
Is 12941876245 a composite number?
True
Is 24774623 composite?
False
Is 2289169823 prime?
False
Is 977041139 a prime number?
True
Is 227595307 a prime number?
False
Is 13637605181 a composite number?
False
Is 4329388157 a prime number?
False
Is 4049631697 prime?
True
Is 316168211 composite?
False
Is 213782264789 a composite number?
True
Is 1903289 composite?
False
Is 15214396217 prime?
True
Is 4384879329 prime?
False
Is 1839634939 composite?
True
Is 126258981 prime?
False
Is 44789984509 a composite number?
False
Is 19433624383 prime?
False
Is 3534832859 a prime number?
True
Is 7237995409 a prime number?
True
Is 1446976021 prime?
True
Is 7164103721 prime?
True
Is 9837081691 a composite number?
False
Is 30269237491 prime?
True
Is 142535381 composite?
False
Is 255111049 prime?
False
Is 140911835 a composite n